st common divisor of 3726 and c.
46
Let b = -1650 + 1680. What is the greatest common divisor of 30 and b?
30
Let d = -27 + 72. Let a(b) = 2*b - 106. Let u be a(55). Suppose -m - u*g + 23 = 0, -2*m - 3*g + 11 = -40. Calculate the greatest common factor of d and m.
9
Let w(s) = -422*s - 1162. Let o be w(-3). What is the highest common divisor of o and 546?
26
Let f = 5191 + -4741. Calculate the greatest common factor of 27 and f.
9
Let k = 6704 - 6649. Calculate the highest common divisor of k and 85.
5
Suppose -12*x + 11*x - 3*j = 33, 4*x - j + 80 = 0. Let u(p) = 6*p**2 + 93*p - 14. Let a be u(x). What is the greatest common factor of a and 7?
7
Suppose 10*f - 11696 + 7976 = 0. What is the highest common factor of 12 and f?
12
Let r = -54 - -52. Let k be 2*(r/6 - (-1298)/132). Calculate the greatest common factor of k and 1121.
19
Let r be (114628/12 - 11) + 4/(-3). What is the greatest common factor of 180 and r?
180
Let l(p) = 12*p + 233. Let h be l(-17). Suppose -24*o - 220 = -h*o. What is the highest common divisor of o and 11?
11
Suppose 23*k - 5*k = 288. Suppose 11 = i + 5*c, 20*i - 22*i = -2*c - 34. Calculate the greatest common divisor of i and k.
16
Let g(o) = -6*o - 142. Let r(f) = -8*f + 71. Let w be r(12). Let m be g(w). What is the greatest common factor of 128 and m?
8
Suppose 3*j + 345 = -3*b, -4*b + 6*j - 446 = 3*j. Let u = 268 + b. Let a(n) = -n**2 + 10*n + 10. Let m be a(7). Calculate the highest common divisor of m and u.
31
Let v(j) = -289*j - 800. Let k be v(-5). Calculate the highest common divisor of 344 and k.
43
Suppose -525*x = -30267 - 58983. What is the highest common divisor of 880 and x?
10
Let i(a) = 7*a**2 + 25*a - 18. Let g be i(-10). Suppose -7*l + 1132 - g = 0. What is the greatest common factor of l and 650?
50
Let f be (-330)/(-7)*(784/(-140))/((-12)/10). Let j be (0 + 5*4)/1. Calculate the highest common factor of f and j.
20
Let b = 90 - 102. Let z be (-3)/b + (-1057)/(-28). Let x(s) = 6*s**3 - 5*s**2 + s - 4. Let o be x(4). What is the highest common factor of o and z?
38
Let c(a) = 12*a**2 + 86*a + 1178. Let x be c(-13). Calculate the highest common factor of 1160 and x.
232
Suppose -3*s + 29 - 20 = 0. Let h(f) = 68 + f**s - 129 - f + 15*f**2 + 52. Let k be h(-15). What is the highest common factor of k and 114?
6
Let g(f) = -64*f + 83. Let t be g(-5). Let b = -228 + t. What is the greatest common divisor of b and 70?
35
Let p = 443 - 1122. Let y = -393 - p. Calculate the greatest common divisor of 13 and y.
13
Let d(b) = -5*b + 1. Let j be d(-1). Suppose -14*c = 9*c + 2070. Let l be 88/3 - 60/c. Calculate the highest common factor of j and l.
6
Let w(c) = 379*c + 9 + 9 + 12 + c**2 - 377*c. Let h be w(10). What is the greatest common factor of 6 and h?
6
Let z(u) = 3*u + 0 - 2*u + 17 + 0*u. Suppose -5*s + 3*d - 25 = 0, -5*d = -s - 2 - 3. Let n be z(s). What is the highest common factor of n and 12?
12
Suppose 12901 = 42*z - 7679. What is the highest common factor of 10 and z?
10
Let l be 12359/6 + 203/1218. Calculate the greatest common factor of l and 100.
20
Let m(z) = 2*z**3 - 12*z**2 + 23*z - 13. Let i be m(3). Suppose 7 + 1 = 2*x. Let y = x - 2. Calculate the greatest common divisor of y and i.
2
Let x(n) = -2*n**3 - 7*n**2 - 4*n - 1. Let j be ((-29)/(-29))/(1/(-4)). Let t be x(j). What is the greatest common factor of t and 124?
31
Suppose -4*d + 4 = 4*x, -58*d + 63*d = -20. Let l = 46 + 9. What is the highest common divisor of x and l?
5
Let h = 10 - 6. Suppose -4*m = -2854 + 1046. Let v = m + -420. Calculate the highest common divisor of h and v.
4
Let u = 13818 + -11322. What is the highest common divisor of 432 and u?
48
Let x(a) = a + 4. Let c be x(-3). Suppose 4*g - 45 = -c. What is the highest common divisor of 11 and g?
11
Let y = -16 - -56. Let c(k) be the third derivative of -k**4/8 + 41*k**3/6 - 61*k**2 - 2*k. Let p be c(12). What is the highest common factor of p and y?
5
Let w(d) = 112*d + 61. Let l be w(2). What is the greatest common divisor of 228 and l?
57
Let v(t) = 11*t**2 - 47*t - 575. Let q be v(-8). What is the greatest common factor of 55 and q?
5
Let i be ((-52298)/10)/(119/(-595)). Calculate the greatest common divisor of 331 and i.
331
Let i be (-735)/(-25) + (-4)/10 - (-140)/20. What is the greatest common divisor of 1368 and i?
36
Let s = 52 + -52. Suppose -2*a + 6*a - 12 = s. Suppose 0 = -5*f + a*k + 46, 20 = -0*f + f + 3*k. What is the greatest common divisor of 88 and f?
11
Let f(m) = m**3 - 7*m**2 + 6*m + 6. Let w(s) = s**2 - 10*s + 22. Let n be w(8). Let u be f(n). Let j = u + 60. What is the greatest common divisor of 6 and j?
6
Suppose -4*f + 5*i + 170 = 0, -4*f - 4*i + 114 = -74. Let h = 114 - f. Suppose -h = -2*r + 3. Calculate the highest common divisor of r and 144.
36
Suppose -3*k + 2*m + 121 = -2*m, -5*m = k - 72. What is the highest common factor of 3149 and k?
47
Suppose 0 = 4*i + 255 + 133. Let p(w) = 4*w**3 - 13*w**2 + 11*w + 21. Let l be p(4). Let d = i + l. Calculate the highest common factor of 112 and d.
16
Let l = 66 + -63. Suppose 0 = -l*k + 66 - 60. Let g(w) = 2*w + 2. Let p be g(k). What is the greatest common divisor of p and 12?
6
Let y be (-1 - -5) + -3 + 5 - 3. Suppose -5*s + 6 = y*f, -3*f - 4*s + 4 = -f. Let x be ((-2)/f)/(1/(-35)). What is the highest common divisor of 5 and x?
5
Suppose 0 = o - 999 - 6546. Calculate the highest common factor of o and 15.
15
Let h = -54 - -63. Let o(p) = -p**2 - 13*p + 3. Let i be o(-12). Let g = i - -66. Calculate the greatest common factor of g and h.
9
Suppose 426*b - 2964 = 413*b. Calculate the greatest common factor of b and 816.
12
Let h = 264 - 34. Suppose -3*s + y = -38, -40 - 10 = -4*s + y. Suppose s*l - 346 - h = 0. What is the greatest common factor of l and 3?
3
Let j be (-2)/(-6) - (-208)/6. Suppose 8*f - 41 - 609 = -18*f. What is the highest common divisor of f and j?
5
Let q(h) = -h**3 - 6*h**2 - 14*h - 4. Let x = -142 + 138. Let w be q(x). Calculate the greatest common factor of 160 and w.
20
Suppose 3*c = 3*n - 2*n - 35, 4*c + 36 = n. Suppose n + 25 = -3*t. Let a = 46 + t. What is the greatest common factor of 81 and a?
27
Let c = -511 - -515. Suppose -5*z - c*d + 115 = 0, 4*d = 3*z - 136 + 35. Suppose q = 4*r + 40, 3*r + 4 = -r. Calculate the highest common divisor of q and z.
9
Let f be (0 - 1)/(112/(-4368)). What is the highest common divisor of f and 1053?
39
Let y = -12383 - -12552. What is the greatest common factor of y and 1703?
13
Suppose -4*y - 4*l + 1804 = 0, -y + 430 = -161*l + 159*l. Calculate the greatest common factor of y and 636.
12
Suppose 4*c + 17 = 5. Let d = c - -100. Suppose k + i - 37 = -i, 3*k - i = d. Calculate the greatest common factor of k and 264.
33
Let w = 30 + -142. Let q be (w/80)/(1/(-5)*1). Suppose -4*g + 37 = -271. What is the highest common factor of q and g?
7
Let j = -753 + 758. Let s(k) = 47*k - 186. Let t be s(j). Calculate the greatest common divisor of t and 91.
7
Let c = 15099 + -11754. Calculate the highest common divisor of c and 45.
15
Let x be (42 + -47)*(1 - 2). Suppose -100*g - x = -105*g. What is the highest common factor of 5 and g?
1
Let p = -4290 - -4426. What is the highest common divisor of 344 and p?
8
Let i be -13 + (-967664)/(-120) + (-6)/(-45). Calculate the greatest common divisor of 97 and i.
97
Suppose 0 = 3*n + 3*c - 1854, 23*n - 3*c = 19*n + 2479. Let x = n + -577. Let v be 9/(1*(-1)/(-7)). Calculate the greatest common divisor of v and x.
21
Let k be 51/(-68)*8/(-3). Suppose -213 - 11 = -k*q. Let c be (-6)/9*-35*(-96)/(-80). What is the greatest common divisor of q and c?
28
Suppose p = -4*k - 26, -3*p + 0*p - 5*k = 57. Let y be (-4)/p - (-4 + (-10408)/28). What is the highest common divisor of y and 8?
8
Suppose -10202*j + 10183*j + 1045 = 0. Calculate the greatest common factor of 1760 and j.
55
Let v = 8967 + -8296. Calculate the greatest common factor of v and 549.
61
Suppose -69*u + 307311 = -205773. What is the highest common factor of u and 429?
143
Let t be 4/(2 - 6)*-10. Suppose t = o - 6*o. Let v(d) = -d + 4. Let z be v(o). What is the greatest common factor of 15 and z?
3
Let v = 14484 - 14481. Calculate the greatest common factor of v and 3900.
3
Let h = 152 - 284. Let p = -163 - 214. Let g = h - p. What is 